{"id":27,"date":"2025-02-23T17:31:14","date_gmt":"2025-02-23T16:31:14","guid":{"rendered":"https:\/\/educert.eu\/?page_id=27"},"modified":"2025-02-23T18:10:24","modified_gmt":"2025-02-23T17:10:24","slug":"about-us","status":"publish","type":"page","link":"https:\/\/educert.eu\/index.php\/about-us\/","title":{"rendered":"About Us"},"content":{"rendered":"\n<style type=\"text\/css\" data-created_by=\"avia_inline_auto\" id=\"style-css-av-m7hvkblt-c6dae555483dece94ee2c43947c3d128\">\n#top .av-special-heading.av-m7hvkblt-c6dae555483dece94ee2c43947c3d128{\npadding-bottom:10px;\n}\nbody .av-special-heading.av-m7hvkblt-c6dae555483dece94ee2c43947c3d128 .av-special-heading-tag .heading-char{\nfont-size:25px;\n}\n.av-special-heading.av-m7hvkblt-c6dae555483dece94ee2c43947c3d128 .av-subheading{\nfont-size:15px;\n}\n<\/style>\n<div  class='av-special-heading av-m7hvkblt-c6dae555483dece94ee2c43947c3d128 av-special-heading-h2 blockquote modern-quote  avia-builder-el-0  el_before_av_two_third  avia-builder-el-first '><h2 class='av-special-heading-tag '  itemprop=\"headline\"  >We do what we are good at<\/h2><div class=\"special-heading-border\"><div class=\"special-heading-inner-border\"><\/div><\/div><\/div>\n<div  class='flex_column av-av_two_third-2d22dc0500e159f2b39fe7a147caf14c av_two_third  avia-builder-el-1  el_after_av_heading  el_before_av_one_third  first flex_column_div  '     ><section  class='av_textblock_section av-m7hvneki-6fbbce89f4abf018c340eb1b231fe927 '   itemscope=\"itemscope\" itemtype=\"https:\/\/schema.org\/CreativeWork\" ><div class='avia_textblock'  itemprop=\"text\" ><p style=\"text-align: justify;\">The<strong> EDUCERT<\/strong> K\u00e9pz\u00e9sm\u00f3dszertani \u00e9s Min\u0151s\u00e9ghiteles\u00edt\u00e9si Kft. primarily provides supervisory and support services in the fields of quality management and organizational development for institutions engaged in adult education.<\/p>\n<p data-start=\"230\" data-end=\"513\">Our organization\u2019s employees are recognized representatives of adult education, public education, and quality management. With our team of more than 20 adult education and quality management experts, we can provide our services related to adult education across the entire country.<\/p>\n<p data-start=\"515\" data-end=\"875\" data-is-last-node=\"\" data-is-only-node=\"\">Our partners mainly come from the small and medium-sized enterprise sector, but we also collaborate with several vocational and higher education institutions, as well as large corporate partners. Our goal is to conduct activities that not only meet but exceed our clients&#8217; expectations while adhering to the quality standards that apply to our own institution.<\/p>\n<\/div><\/section><\/div><div  class='flex_column av-av_one_third-3b0d446bf9e6f7db91541aa567be4cdf av_one_third  avia-builder-el-3  el_after_av_two_third  el_before_av_one_third  flex_column_div  '     ><style type=\"text\/css\" data-created_by=\"avia_inline_auto\" id=\"style-css-av-m7hvqhrc-19a50f7909c0888302f7cbf90a34c59e\">\n.avia-progress-bar-container.av-m7hvqhrc-19a50f7909c0888302f7cbf90a34c59e .progress{\nheight:15px;\n}\n<\/style>\n\n<style type=\"text\/css\" data-created_by=\"avia_inline_auto\" id=\"style-css-sub-av-m7hvqhrc-19a50f7909c0888302f7cbf90a34c59e\">\n#top .avia-progress-bar-container .avia-progress-bar.av-m7hvp5kp-8c96af01263ec2b8d7e07cbf13e8aeae .bar{\nwidth:100%;\n}\n#top .avia-progress-bar-container .avia-progress-bar.av-m7hvpdn5-c77ebd35b5039a6881c07e77afba27f1 .bar{\nwidth:100%;\n}\n#top .avia-progress-bar-container .avia-progress-bar.av-m7hvq96h-f0eef1bc7379bc033a090ac88e448257 .bar{\nwidth:100%;\n}\n#top .avia-progress-bar-container .avia-progress-bar.av-m7hvqgn5-db2b5e0688b90ce56ed6a78cee69a5e9 .bar{\nwidth:100%;\n}\n<\/style>\n<div  class='avia-progress-bar-container av-m7hvqhrc-19a50f7909c0888302f7cbf90a34c59e av-striped-bar av-animated-bar av-small-bar avia_animate_when_almost_visible  avia-builder-el-4  avia-builder-el-no-sibling '><div class='avia-progress-bar av-m7hvp5kp-8c96af01263ec2b8d7e07cbf13e8aeae icon-bar-no theme-color-bar theme-color-bar icon-bar-no'><div class=\"progressbar-title-wrap\"><div class='progressbar-icon'><span class='progressbar-char' aria-hidden='true' data-av_icon='' data-av_iconfont='entypo-fontello'><\/span><\/div><div class='progressbar-title'>Professionalism<\/div><\/div><div class=\"progressbar-percent\" data-timer=\"2200\"><span class='av-bar-counter __av-single-number' data-number='100'>0<\/span>%<\/div><div class=\"progress\"><div class=\"bar-outer\"><div class='bar' data-progress='100'><\/div><\/div><\/div><\/div><div class='avia-progress-bar av-m7hvpdn5-c77ebd35b5039a6881c07e77afba27f1 icon-bar-no theme-color-bar theme-color-bar icon-bar-no'><div class=\"progressbar-title-wrap\"><div class='progressbar-icon'><span class='progressbar-char' aria-hidden='true' data-av_icon='\ue800' data-av_iconfont='entypo-fontello'><\/span><\/div><div class='progressbar-title'>Experience<\/div><\/div><div class=\"progressbar-percent\" data-timer=\"2200\"><span class='av-bar-counter __av-single-number' data-number='100'>0<\/span>%<\/div><div class=\"progress\"><div class=\"bar-outer\"><div class='bar' data-progress='100'><\/div><\/div><\/div><\/div><div class='avia-progress-bar av-m7hvq96h-f0eef1bc7379bc033a090ac88e448257 icon-bar-no theme-color-bar theme-color-bar icon-bar-no'><div class=\"progressbar-title-wrap\"><div class='progressbar-icon'><span class='progressbar-char' aria-hidden='true' data-av_icon='\ue800' data-av_iconfont='entypo-fontello'><\/span><\/div><div class='progressbar-title'>Compliancy<\/div><\/div><div class=\"progressbar-percent\" data-timer=\"2200\"><span class='av-bar-counter __av-single-number' data-number='100'>0<\/span>%<\/div><div class=\"progress\"><div class=\"bar-outer\"><div class='bar' data-progress='100'><\/div><\/div><\/div><\/div><div class='avia-progress-bar av-m7hvqgn5-db2b5e0688b90ce56ed6a78cee69a5e9 icon-bar-no theme-color-bar theme-color-bar icon-bar-no'><div class=\"progressbar-title-wrap\"><div class='progressbar-icon'><span class='progressbar-char' aria-hidden='true' data-av_icon='\ue800' data-av_iconfont='entypo-fontello'><\/span><\/div><div class='progressbar-title'>Proactivity<\/div><\/div><div class=\"progressbar-percent\" data-timer=\"2200\"><span class='av-bar-counter __av-single-number' data-number='100'>0<\/span>%<\/div><div class=\"progress\"><div class=\"bar-outer\"><div class='bar' data-progress='100'><\/div><\/div><\/div><\/div><\/div><\/div><div  class='flex_column av-av_one_third-2d22dc0500e159f2b39fe7a147caf14c av_one_third  avia-builder-el-5  el_after_av_one_third  el_before_av_two_third  first flex_column_div  column-top-margin'     ><style type=\"text\/css\" data-created_by=\"avia_inline_auto\" id=\"style-css-av-m7hvs9is-298b4019e6ef2380bf16ce014891701a\">\n.avia-progress-bar-container.av-m7hvs9is-298b4019e6ef2380bf16ce014891701a .progress{\nheight:15px;\n}\n<\/style>\n\n<style type=\"text\/css\" data-created_by=\"avia_inline_auto\" id=\"style-css-sub-av-m7hvs9is-298b4019e6ef2380bf16ce014891701a\">\n#top .avia-progress-bar-container .avia-progress-bar.av-m7hvp5kp-8c96af01263ec2b8d7e07cbf13e8aeae .bar{\nwidth:100%;\n}\n#top .avia-progress-bar-container .avia-progress-bar.av-m7hvpdn5-c77ebd35b5039a6881c07e77afba27f1 .bar{\nwidth:100%;\n}\n#top .avia-progress-bar-container .avia-progress-bar.av-m7hvq96h-f0eef1bc7379bc033a090ac88e448257 .bar{\nwidth:100%;\n}\n#top .avia-progress-bar-container .avia-progress-bar.av-m7hvqgn5-db2b5e0688b90ce56ed6a78cee69a5e9 .bar{\nwidth:100%;\n}\n#top .avia-progress-bar-container .avia-progress-bar.av-av_progress_bar-1478dfe25b5f5657ce3e495140a3b94a .bar{\nwidth:100%;\n}\n#top .avia-progress-bar-container .avia-progress-bar.av-av_progress_bar-b790dad4a4aec43db0031eba122354aa .bar{\nwidth:100%;\n}\n#top .avia-progress-bar-container .avia-progress-bar.av-av_progress_bar-614466fd17ab217b2b0f51ebd445c71f .bar{\nwidth:100%;\n}\n#top .avia-progress-bar-container .avia-progress-bar.av-av_progress_bar-08a3402ef74ca0fe58c74b75bbc4b945 .bar{\nwidth:100%;\n}\n<\/style>\n<div  class='avia-progress-bar-container av-m7hvs9is-298b4019e6ef2380bf16ce014891701a av-striped-bar av-animated-bar av-small-bar avia_animate_when_almost_visible  avia-builder-el-6  avia-builder-el-no-sibling '><div class='avia-progress-bar av-av_progress_bar-1478dfe25b5f5657ce3e495140a3b94a icon-bar-no theme-color-bar theme-color-bar icon-bar-no'><div class=\"progressbar-title-wrap\"><div class='progressbar-icon'><span class='progressbar-char' aria-hidden='true' data-av_icon='' data-av_iconfont='entypo-fontello'><\/span><\/div><div class='progressbar-title'>Professionalism<\/div><\/div><div class=\"progressbar-percent\" data-timer=\"2200\"><span class='av-bar-counter __av-single-number' data-number='100'>0<\/span>%<\/div><div class=\"progress\"><div class=\"bar-outer\"><div class='bar' data-progress='100'><\/div><\/div><\/div><\/div><div class='avia-progress-bar av-av_progress_bar-b790dad4a4aec43db0031eba122354aa icon-bar-no theme-color-bar theme-color-bar icon-bar-no'><div class=\"progressbar-title-wrap\"><div class='progressbar-icon'><span class='progressbar-char' aria-hidden='true' data-av_icon='\ue800' data-av_iconfont='entypo-fontello'><\/span><\/div><div class='progressbar-title'>Experience<\/div><\/div><div class=\"progressbar-percent\" data-timer=\"2200\"><span class='av-bar-counter __av-single-number' data-number='100'>0<\/span>%<\/div><div class=\"progress\"><div class=\"bar-outer\"><div class='bar' data-progress='100'><\/div><\/div><\/div><\/div><div class='avia-progress-bar av-av_progress_bar-614466fd17ab217b2b0f51ebd445c71f icon-bar-no theme-color-bar theme-color-bar icon-bar-no'><div class=\"progressbar-title-wrap\"><div class='progressbar-icon'><span class='progressbar-char' aria-hidden='true' data-av_icon='\ue800' data-av_iconfont='entypo-fontello'><\/span><\/div><div class='progressbar-title'>Compliancy<\/div><\/div><div class=\"progressbar-percent\" data-timer=\"2200\"><span class='av-bar-counter __av-single-number' data-number='100'>0<\/span>%<\/div><div class=\"progress\"><div class=\"bar-outer\"><div class='bar' data-progress='100'><\/div><\/div><\/div><\/div><div class='avia-progress-bar av-av_progress_bar-08a3402ef74ca0fe58c74b75bbc4b945 icon-bar-no theme-color-bar theme-color-bar icon-bar-no'><div class=\"progressbar-title-wrap\"><div class='progressbar-icon'><span class='progressbar-char' aria-hidden='true' data-av_icon='\ue800' data-av_iconfont='entypo-fontello'><\/span><\/div><div class='progressbar-title'>Proactivity<\/div><\/div><div class=\"progressbar-percent\" data-timer=\"2200\"><span class='av-bar-counter __av-single-number' data-number='100'>0<\/span>%<\/div><div class=\"progress\"><div class=\"bar-outer\"><div class='bar' data-progress='100'><\/div><\/div><\/div><\/div><\/div><\/div><div  class='flex_column av-av_two_third-3b0d446bf9e6f7db91541aa567be4cdf av_two_third  avia-builder-el-7  el_after_av_one_third  el_before_av_heading  flex_column_div  column-top-margin'     ><section  class='av_textblock_section av-m7hvo8fl-7c3007445713428c2c0d030114c9e843 '   itemscope=\"itemscope\" itemtype=\"https:\/\/schema.org\/CreativeWork\" ><div class='avia_textblock'  itemprop=\"text\" ><p><strong>CONTENT DEVELOPMENT, TRAINING PROGRAM, OR PROGRAM REQUIREMENT?<\/strong><\/p>\n<p>Development and certification of training programs and educational materials across all fields, as well as methodological innovations, in compliance with legal requirements and our clients&#8217; expectations.<\/p>\n<p><strong>OPERATION REQUIRING A LICENSE?<\/strong><\/p>\n<p>Our <strong>ONLINE<\/strong> quality management system and training document package help training providers establish a stable and legally secure foundation in the maze of quality management.<\/p>\n<p><strong>CHALLENGES IN PLANNING OR OPERATING ADULT EDUCATION ACTIVITIES?<\/strong><\/p>\n<p>From ad-hoc hourly consultation to full organizational audits and ongoing support, we offer solutions that best support our partners&#8217; operations.<\/p>\n<p><strong>EXTERNAL EVALUATION, ORGANIZATIONAL AUDIT?<\/strong><\/p>\n<p>We are authorized to conduct external evaluations of training institutions, leveraging our expertise to assist in their compliance and quality assurance.<\/p>\n<\/div><\/section><\/div>\n<style type=\"text\/css\" data-created_by=\"avia_inline_auto\" id=\"style-css-av-m7hvkqbt-c488266ceeb85d41e26e11fff09668e6\">\n#top .av-special-heading.av-m7hvkqbt-c488266ceeb85d41e26e11fff09668e6{\npadding-bottom:10px;\n}\nbody .av-special-heading.av-m7hvkqbt-c488266ceeb85d41e26e11fff09668e6 .av-special-heading-tag .heading-char{\nfont-size:25px;\n}\n.av-special-heading.av-m7hvkqbt-c488266ceeb85d41e26e11fff09668e6 .av-subheading{\nfont-size:15px;\n}\n<\/style>\n<div  class='av-special-heading av-m7hvkqbt-c488266ceeb85d41e26e11fff09668e6 av-special-heading-h2 blockquote modern-quote  avia-builder-el-9  el_after_av_two_third  el_before_av_one_fourth '><h2 class='av-special-heading-tag '  itemprop=\"headline\"  >Our staff<\/h2><div class=\"special-heading-border\"><div class=\"special-heading-inner-border\"><\/div><\/div><\/div><\/p>\n<div  class='flex_column av-av_one_fourth-2d22dc0500e159f2b39fe7a147caf14c av_one_fourth  avia-builder-el-10  el_after_av_heading  el_before_av_one_fourth  first flex_column_div  '     ><section  class='avia-team-member av-m7hvv15v-76a1b00646ddbb7f77523ebd0eab994d  avia-builder-el-11  avia-builder-el-no-sibling '  itemscope=\"itemscope\" itemtype=\"https:\/\/schema.org\/Person\" ><div class=\"team-img-container\"><img decoding=\"async\" fetchpriority=\"high\" class='wp-image-48 avia-img-lazy-loading-not-48 avia_image avia_image_team' src=\"https:\/\/educert.eu\/wp-content\/uploads\/2025\/02\/darth_tivadar-180x180-1.jpg\" alt='Tivadar Padar'  itemprop=\"image\"   height=\"180\" width=\"180\" srcset=\"https:\/\/educert.eu\/wp-content\/uploads\/2025\/02\/darth_tivadar-180x180-1.jpg 180w, https:\/\/educert.eu\/wp-content\/uploads\/2025\/02\/darth_tivadar-180x180-1-80x80.jpg 80w, https:\/\/educert.eu\/wp-content\/uploads\/2025\/02\/darth_tivadar-180x180-1-36x36.jpg 36w\" sizes=\"(max-width: 180px) 100vw, 180px\" \/><\/div><h3 class='team-member-name '  itemprop=\"name\" >Tivadar Padar<\/h3><div class='team-member-job-title '  itemprop=\"jobTitle\" >CEO, owner<\/div><span class='hidden team-member-affiliation'  itemprop=\"affiliation\" >Educert<\/span><\/section><\/div><div  class='flex_column av-av_one_fourth-3b0d446bf9e6f7db91541aa567be4cdf av_one_fourth  avia-builder-el-12  el_after_av_one_fourth  el_before_av_one_fourth  flex_column_div  '     ><section  class='avia-team-member av-m7hvvq73-c8ee9e9e236a6a74ce7b3c480c8eb640  avia-builder-el-13  avia-builder-el-no-sibling '  itemscope=\"itemscope\" itemtype=\"https:\/\/schema.org\/Person\" ><div class=\"team-img-container\"><img decoding=\"async\" fetchpriority=\"high\" class='wp-image-49 avia-img-lazy-loading-not-49 avia_image avia_image_team' src=\"https:\/\/educert.eu\/wp-content\/uploads\/2025\/02\/rey_noemi-180x180-1.jpg\" alt='Noemi Matrahazi'  itemprop=\"image\"   height=\"180\" width=\"180\" srcset=\"https:\/\/educert.eu\/wp-content\/uploads\/2025\/02\/rey_noemi-180x180-1.jpg 180w, https:\/\/educert.eu\/wp-content\/uploads\/2025\/02\/rey_noemi-180x180-1-80x80.jpg 80w, https:\/\/educert.eu\/wp-content\/uploads\/2025\/02\/rey_noemi-180x180-1-36x36.jpg 36w\" sizes=\"(max-width: 180px) 100vw, 180px\" \/><\/div><h3 class='team-member-name '  itemprop=\"name\" >Noemi Matrahazi<\/h3><div class='team-member-job-title '  itemprop=\"jobTitle\" >lector<\/div><span class='hidden team-member-affiliation'  itemprop=\"affiliation\" >Educert<\/span><\/section><\/div><div  class='flex_column av-av_one_fourth-3b0d446bf9e6f7db91541aa567be4cdf av_one_fourth  avia-builder-el-14  el_after_av_one_fourth  el_before_av_one_fourth  flex_column_div  '     ><section  class='avia-team-member av-m7hvwekn-72446e432f8b10546fb3e68e343921f6  avia-builder-el-15  avia-builder-el-no-sibling '  itemscope=\"itemscope\" itemtype=\"https:\/\/schema.org\/Person\" ><div class=\"team-img-container\"><img decoding=\"async\" fetchpriority=\"high\" class='wp-image-50 avia-img-lazy-loading-not-50 avia_image avia_image_team' src=\"https:\/\/educert.eu\/wp-content\/uploads\/2025\/02\/A2D2-300x300-1.jpg\" alt='Kinga Rago'  itemprop=\"image\"   height=\"300\" width=\"300\" srcset=\"https:\/\/educert.eu\/wp-content\/uploads\/2025\/02\/A2D2-300x300-1.jpg 300w, https:\/\/educert.eu\/wp-content\/uploads\/2025\/02\/A2D2-300x300-1-80x80.jpg 80w, https:\/\/educert.eu\/wp-content\/uploads\/2025\/02\/A2D2-300x300-1-36x36.jpg 36w, https:\/\/educert.eu\/wp-content\/uploads\/2025\/02\/A2D2-300x300-1-180x180.jpg 180w\" sizes=\"(max-width: 300px) 100vw, 300px\" \/><\/div><h3 class='team-member-name '  itemprop=\"name\" >Kinga Rago<\/h3><div class='team-member-job-title '  itemprop=\"jobTitle\" >Project coordinator<\/div><span class='hidden team-member-affiliation'  itemprop=\"affiliation\" >Educert<\/span><\/section><\/div><div  class='flex_column av-av_one_fourth-3b0d446bf9e6f7db91541aa567be4cdf av_one_fourth  avia-builder-el-16  el_after_av_one_fourth  avia-builder-el-last  flex_column_div  '     ><section  class='avia-team-member av-m7hvx2te-627424e3d6dd9b4017cee6f930bee560  avia-builder-el-17  avia-builder-el-no-sibling '  itemscope=\"itemscope\" itemtype=\"https:\/\/schema.org\/Person\" ><div class=\"team-img-container\"><img decoding=\"async\" fetchpriority=\"high\" class='wp-image-51 avia-img-lazy-loading-not-51 avia_image avia_image_team' src=\"https:\/\/educert.eu\/wp-content\/uploads\/2025\/02\/3PO-180x180-1.jpg\" alt='Renata Antal'  itemprop=\"image\"   height=\"180\" width=\"180\" srcset=\"https:\/\/educert.eu\/wp-content\/uploads\/2025\/02\/3PO-180x180-1.jpg 180w, https:\/\/educert.eu\/wp-content\/uploads\/2025\/02\/3PO-180x180-1-80x80.jpg 80w, https:\/\/educert.eu\/wp-content\/uploads\/2025\/02\/3PO-180x180-1-36x36.jpg 36w\" sizes=\"(max-width: 180px) 100vw, 180px\" \/><\/div><h3 class='team-member-name '  itemprop=\"name\" >Renata Antal<\/h3><div class='team-member-job-title '  itemprop=\"jobTitle\" >Project assistant<\/div><span class='hidden team-member-affiliation'  itemprop=\"affiliation\" >Educert<\/span><\/section><\/div><\/p>\n","protected":false},"excerpt":{"rendered":"","protected":false},"author":1,"featured_media":0,"parent":0,"menu_order":0,"comment_status":"closed","ping_status":"closed","template":"","meta":{"footnotes":""},"class_list":["post-27","page","type-page","status-publish","hentry"],"yoast_head":"<!-- This site is optimized with the Yoast SEO plugin v24.4 - https:\/\/yoast.com\/wordpress\/plugins\/seo\/ -->\n<title>About Us - Educert<\/title>\n<meta name=\"robots\" content=\"index, follow, max-snippet:-1, max-image-preview:large, max-video-preview:-1\" \/>\n<link rel=\"canonical\" href=\"https:\/\/educert.eu\/index.php\/about-us\/\" \/>\n<meta property=\"og:locale\" content=\"en_US\" \/>\n<meta property=\"og:type\" content=\"article\" \/>\n<meta property=\"og:title\" content=\"About Us - Educert\" \/>\n<meta property=\"og:url\" content=\"https:\/\/educert.eu\/index.php\/about-us\/\" \/>\n<meta property=\"og:site_name\" content=\"Educert\" \/>\n<meta property=\"article:modified_time\" content=\"2025-02-23T17:10:24+00:00\" \/>\n<meta name=\"twitter:card\" content=\"summary_large_image\" \/>\n<meta name=\"twitter:label1\" content=\"Est. reading time\" \/>\n\t<meta name=\"twitter:data1\" content=\"3 minutes\" \/>\n<script type=\"application\/ld+json\" class=\"yoast-schema-graph\">{\"@context\":\"https:\/\/schema.org\",\"@graph\":[{\"@type\":\"WebPage\",\"@id\":\"https:\/\/educert.eu\/index.php\/about-us\/\",\"url\":\"https:\/\/educert.eu\/index.php\/about-us\/\",\"name\":\"About Us - Educert\",\"isPartOf\":{\"@id\":\"https:\/\/educert.eu\/#website\"},\"datePublished\":\"2025-02-23T16:31:14+00:00\",\"dateModified\":\"2025-02-23T17:10:24+00:00\",\"breadcrumb\":{\"@id\":\"https:\/\/educert.eu\/index.php\/about-us\/#breadcrumb\"},\"inLanguage\":\"en-US\",\"potentialAction\":[{\"@type\":\"ReadAction\",\"target\":[\"https:\/\/educert.eu\/index.php\/about-us\/\"]}]},{\"@type\":\"BreadcrumbList\",\"@id\":\"https:\/\/educert.eu\/index.php\/about-us\/#breadcrumb\",\"itemListElement\":[{\"@type\":\"ListItem\",\"position\":1,\"name\":\"Home\",\"item\":\"https:\/\/educert.eu\/\"},{\"@type\":\"ListItem\",\"position\":2,\"name\":\"About Us\"}]},{\"@type\":\"WebSite\",\"@id\":\"https:\/\/educert.eu\/#website\",\"url\":\"https:\/\/educert.eu\/\",\"name\":\"Educert\",\"description\":\"\",\"potentialAction\":[{\"@type\":\"SearchAction\",\"target\":{\"@type\":\"EntryPoint\",\"urlTemplate\":\"https:\/\/educert.eu\/?s={search_term_string}\"},\"query-input\":{\"@type\":\"PropertyValueSpecification\",\"valueRequired\":true,\"valueName\":\"search_term_string\"}}],\"inLanguage\":\"en-US\"}]}<\/script>\n<!-- \/ Yoast SEO plugin. -->","yoast_head_json":{"title":"About Us - Educert","robots":{"index":"index","follow":"follow","max-snippet":"max-snippet:-1","max-image-preview":"max-image-preview:large","max-video-preview":"max-video-preview:-1"},"canonical":"https:\/\/educert.eu\/index.php\/about-us\/","og_locale":"en_US","og_type":"article","og_title":"About Us - Educert","og_url":"https:\/\/educert.eu\/index.php\/about-us\/","og_site_name":"Educert","article_modified_time":"2025-02-23T17:10:24+00:00","twitter_card":"summary_large_image","twitter_misc":{"Est. reading time":"3 minutes"},"schema":{"@context":"https:\/\/schema.org","@graph":[{"@type":"WebPage","@id":"https:\/\/educert.eu\/index.php\/about-us\/","url":"https:\/\/educert.eu\/index.php\/about-us\/","name":"About Us - Educert","isPartOf":{"@id":"https:\/\/educert.eu\/#website"},"datePublished":"2025-02-23T16:31:14+00:00","dateModified":"2025-02-23T17:10:24+00:00","breadcrumb":{"@id":"https:\/\/educert.eu\/index.php\/about-us\/#breadcrumb"},"inLanguage":"en-US","potentialAction":[{"@type":"ReadAction","target":["https:\/\/educert.eu\/index.php\/about-us\/"]}]},{"@type":"BreadcrumbList","@id":"https:\/\/educert.eu\/index.php\/about-us\/#breadcrumb","itemListElement":[{"@type":"ListItem","position":1,"name":"Home","item":"https:\/\/educert.eu\/"},{"@type":"ListItem","position":2,"name":"About Us"}]},{"@type":"WebSite","@id":"https:\/\/educert.eu\/#website","url":"https:\/\/educert.eu\/","name":"Educert","description":"","potentialAction":[{"@type":"SearchAction","target":{"@type":"EntryPoint","urlTemplate":"https:\/\/educert.eu\/?s={search_term_string}"},"query-input":{"@type":"PropertyValueSpecification","valueRequired":true,"valueName":"search_term_string"}}],"inLanguage":"en-US"}]}},"_links":{"self":[{"href":"https:\/\/educert.eu\/index.php\/wp-json\/wp\/v2\/pages\/27","targetHints":{"allow":["GET"]}}],"collection":[{"href":"https:\/\/educert.eu\/index.php\/wp-json\/wp\/v2\/pages"}],"about":[{"href":"https:\/\/educert.eu\/index.php\/wp-json\/wp\/v2\/types\/page"}],"author":[{"embeddable":true,"href":"https:\/\/educert.eu\/index.php\/wp-json\/wp\/v2\/users\/1"}],"replies":[{"embeddable":true,"href":"https:\/\/educert.eu\/index.php\/wp-json\/wp\/v2\/comments?post=27"}],"version-history":[{"count":3,"href":"https:\/\/educert.eu\/index.php\/wp-json\/wp\/v2\/pages\/27\/revisions"}],"predecessor-version":[{"id":52,"href":"https:\/\/educert.eu\/index.php\/wp-json\/wp\/v2\/pages\/27\/revisions\/52"}],"wp:attachment":[{"href":"https:\/\/educert.eu\/index.php\/wp-json\/wp\/v2\/media?parent=27"}],"curies":[{"name":"wp","href":"https:\/\/api.w.org\/{rel}","templated":true}]}}